{"id":150,"date":"2020-11-09T20:57:43","date_gmt":"2020-11-09T20:57:43","guid":{"rendered":"https:\/\/fvchurwalden.ch\/?page_id=150"},"modified":"2025-11-03T19:17:33","modified_gmt":"2025-11-03T19:17:33","slug":"mitglied-werden","status":"publish","type":"page","link":"https:\/\/fvchurwalden.ch\/?page_id=150","title":{"rendered":"Mitglied werden"},"content":{"rendered":"\n<p><strong>Gemeinsam statt allein \u2013 werde Mitglied!<\/strong><\/p>\n\n\n\n<p><br>Unser Verein lebt vom Engagement seiner Mitglieder. Ob jung oder alt, berufst\u00e4tig oder pensioniert \u2013 jede Frau ist bei uns willkommen.<br>Wir organisieren Anl\u00e4sse, unterst\u00fctzen soziale Projekte und pflegen die Dorfgemeinschaft.<br>Mach mit und gestalte das Vereinsleben aktiv mit! Wir freuen uns \u00fcber jedes neue Mitglied.<br>Mit deiner Mitgliedschaft von Fr. 30.\u2014kannst du deine Solidarit\u00e4t bekunden<\/p>\n\n\n<p>Frauenverein Churwalden-Parpan 7075 Churwalden<br \/>Graub. Kantonalbank, 7001 Chur, IBAN CH16 0077 4000 1111 1910 1<\/p>\n\n\n<p>Gerne kannst du dich direkt mit dem untenstehenden Kontaktformular anmelden und sobald du die Zahlung get\u00e4tigt hast, heissen wir dich herzlich Willkommen im Frauenverein Churwalden-Parpen.<\/p>\n\n\n\n<div class=\"wp-block-contact-form-7-contact-form-selector\">\n<div class=\"wpcf7 no-js\" id=\"wpcf7-f176-o1\" lang=\"de-CH\" dir=\"ltr\" data-wpcf7-id=\"176\">\n<div class=\"screen-reader-response\"><p role=\"status\" aria-live=\"polite\" aria-atomic=\"true\"><\/p> <ul><\/ul><\/div>\n<form action=\"\/index.php?rest_route=%2Fwp%2Fv2%2Fpages%2F150#wpcf7-f176-o1\" method=\"post\" class=\"wpcf7-form init\" aria-label=\"Contact form\" novalidate=\"novalidate\" data-status=\"init\">\n<fieldset class=\"hidden-fields-container\"><input type=\"hidden\" name=\"_wpcf7\" value=\"176\" \/><input type=\"hidden\" name=\"_wpcf7_version\" value=\"6.1.5\" \/><input type=\"hidden\" name=\"_wpcf7_locale\" value=\"de_CH\" \/><input type=\"hidden\" name=\"_wpcf7_unit_tag\" value=\"wpcf7-f176-o1\" \/><input type=\"hidden\" name=\"_wpcf7_container_post\" value=\"0\" \/><input type=\"hidden\" name=\"_wpcf7_posted_data_hash\" value=\"\" \/>\n<\/fieldset>\n<p><label> <\/label>\n<\/p>\n<h3> Neumitglied FV Churwalden-Parpan\n<\/h3>\n<p><label> Name<br \/>\n<span class=\"wpcf7-form-control-wrap\" data-name=\"your-name\"><input size=\"40\" maxlength=\"400\" class=\"wpcf7-form-control wpcf7-text wpcf7-validates-as-required\" aria-required=\"true\" aria-invalid=\"false\" value=\"\" type=\"text\" name=\"your-name\" \/><\/span> <\/label>\n<\/p>\n<p><label> E-Mail<br \/>\n<span class=\"wpcf7-form-control-wrap\" data-name=\"your-email\"><input size=\"40\" maxlength=\"400\" class=\"wpcf7-form-control wpcf7-email wpcf7-validates-as-required wpcf7-text wpcf7-validates-as-email\" aria-required=\"true\" aria-invalid=\"false\" value=\"\" type=\"email\" name=\"your-email\" \/><\/span> <\/label>\n<\/p>\n<p><label> Telefon<br \/>\n<span class=\"wpcf7-form-control-wrap\" data-name=\"tel-628\"><input size=\"40\" maxlength=\"400\" class=\"wpcf7-form-control wpcf7-tel wpcf7-text wpcf7-validates-as-tel\" aria-invalid=\"false\" value=\"\" type=\"tel\" name=\"tel-628\" \/><\/span> <\/label>\n<\/p>\n<p><label>Strasse<br \/>\n<span class=\"wpcf7-form-control-wrap\" data-name=\"Strasse\"><input size=\"40\" maxlength=\"400\" class=\"wpcf7-form-control wpcf7-text wpcf7-validates-as-required\" aria-required=\"true\" aria-invalid=\"false\" value=\"\" type=\"text\" name=\"Strasse\" \/><\/span> <\/label>\n<\/p>\n<p><label> Ort<br \/>\n<span class=\"wpcf7-form-control-wrap\" data-name=\"Ort\"><input size=\"40\" maxlength=\"400\" class=\"wpcf7-form-control wpcf7-text wpcf7-validates-as-required\" aria-required=\"true\" aria-invalid=\"false\" value=\"\" type=\"text\" name=\"Ort\" \/><\/span> <\/label>\n<\/p>\n<p><label> Nachricht<br \/>\n<span class=\"wpcf7-form-control-wrap\" data-name=\"your-message\"><textarea cols=\"40\" rows=\"10\" maxlength=\"2000\" class=\"wpcf7-form-control wpcf7-textarea\" aria-invalid=\"false\" name=\"your-message\"><\/textarea><\/span> <\/label>\n<\/p>\n<p><input class=\"wpcf7-form-control wpcf7-submit has-spinner\" type=\"submit\" value=\"Submit\" \/>\n<\/p><p style=\"display: none !important;\" class=\"akismet-fields-container\" data-prefix=\"_wpcf7_ak_\"><label>&#916;<textarea name=\"_wpcf7_ak_hp_textarea\" cols=\"45\" rows=\"8\" maxlength=\"100\"><\/textarea><\/label><input type=\"hidden\" id=\"ak_js_1\" name=\"_wpcf7_ak_js\" value=\"224\"\/><script>document.getElementById( \"ak_js_1\" ).setAttribute( \"value\", ( new Date() ).getTime() );<\/script><\/p><div class=\"wpcf7-response-output\" aria-hidden=\"true\"><\/div>\n<\/form>\n<\/div>\n<\/div>\n\n\n\n<p><\/p>\n","protected":false},"excerpt":{"rendered":"<p>Gemeinsam statt allein \u2013 werde Mitglied! Unser Verein lebt vom Engagement seiner Mitglieder. Ob jung oder alt, berufst\u00e4tig oder pensioniert \u2013 jede Frau ist bei uns willkommen.Wir organisieren Anl\u00e4sse, unterst\u00fctzen soziale Projekte und pflegen die Dorfgemeinschaft.Mach mit und gestalte das Vereinsleben aktiv mit! Wir freuen uns \u00fcber jedes neue Mitglied.Mit deiner Mitgliedschaft von Fr. 30.\u2014kannst [&hellip;]<\/p>\n","protected":false},"author":1,"featured_media":0,"parent":0,"menu_order":0,"comment_status":"closed","ping_status":"closed","template":"","meta":{"footnotes":""},"class_list":["post-150","page","type-page","status-publish","hentry"],"_links":{"self":[{"href":"https:\/\/fvchurwalden.ch\/index.php?rest_route=\/wp\/v2\/pages\/150","targetHints":{"allow":["GET"]}}],"collection":[{"href":"https:\/\/fvchurwalden.ch\/index.php?rest_route=\/wp\/v2\/pages"}],"about":[{"href":"https:\/\/fvchurwalden.ch\/index.php?rest_route=\/wp\/v2\/types\/page"}],"author":[{"embeddable":true,"href":"https:\/\/fvchurwalden.ch\/index.php?rest_route=\/wp\/v2\/users\/1"}],"replies":[{"embeddable":true,"href":"https:\/\/fvchurwalden.ch\/index.php?rest_route=%2Fwp%2Fv2%2Fcomments&post=150"}],"version-history":[{"count":11,"href":"https:\/\/fvchurwalden.ch\/index.php?rest_route=\/wp\/v2\/pages\/150\/revisions"}],"predecessor-version":[{"id":756,"href":"https:\/\/fvchurwalden.ch\/index.php?rest_route=\/wp\/v2\/pages\/150\/revisions\/756"}],"wp:attachment":[{"href":"https:\/\/fvchurwalden.ch\/index.php?rest_route=%2Fwp%2Fv2%2Fmedia&parent=150"}],"curies":[{"name":"wp","href":"https:\/\/api.w.org\/{rel}","templated":true}]}}